{"id":50,"date":"2025-12-30T11:19:30","date_gmt":"2025-12-30T11:19:30","guid":{"rendered":"http:\/\/www.ozsungurinsaat.com.tr\/?page_id=50"},"modified":"2026-01-16T10:39:31","modified_gmt":"2026-01-16T10:39:31","slug":"kurumsal","status":"publish","type":"page","link":"https:\/\/www.ozsungurinsaat.com.tr\/?page_id=50","title":{"rendered":"Kurumsal"},"content":{"rendered":"\t\t<div data-elementor-type=\"wp-page\" data-elementor-id=\"50\" class=\"elementor elementor-50\">\n\t\t\t\t<div class=\"elementor-element elementor-element-27f6d88 e-flex e-con-boxed e-con e-parent\" data-id=\"27f6d88\" data-element_type=\"container\" data-e-type=\"container\">\n\t\t\t\t\t<div class=\"e-con-inner\">\n\t\t<div class=\"elementor-element elementor-element-b75a0c0 e-con-full e-flex e-con e-child\" data-id=\"b75a0c0\" data-element_type=\"container\" data-e-type=\"container\">\n\t\t\t\t<div class=\"elementor-element elementor-element-a7ee5c8 elementor-widget elementor-widget-image\" data-id=\"a7ee5c8\" data-element_type=\"widget\" data-e-type=\"widget\" data-widget_type=\"image.default\">\n\t\t\t\t\t\t\t\t\t\t\t\t<figure class=\"wp-caption\">\n\t\t\t\t\t\t\t\t\t\t<img fetchpriority=\"high\" decoding=\"async\" width=\"575\" height=\"1024\" src=\"https:\/\/www.ozsungurinsaat.com.tr\/wp-content\/uploads\/2025\/12\/WhatsApp-Image-2025-12-28-at-17.20.57.jpeg\" class=\"attachment-1536x1536 size-1536x1536 wp-image-55\" alt=\"\" srcset=\"https:\/\/www.ozsungurinsaat.com.tr\/wp-content\/uploads\/2025\/12\/WhatsApp-Image-2025-12-28-at-17.20.57.jpeg 575w, https:\/\/www.ozsungurinsaat.com.tr\/wp-content\/uploads\/2025\/12\/WhatsApp-Image-2025-12-28-at-17.20.57-168x300.jpeg 168w\" sizes=\"(max-width: 575px) 100vw, 575px\" \/>\t\t\t\t\t\t\t\t\t\t\t<figcaption class=\"widget-image-caption wp-caption-text\"><\/figcaption>\n\t\t\t\t\t\t\t\t\t\t<\/figure>\n\t\t\t\t\t\t\t\t\t<\/div>\n\t\t\t\t<div class=\"elementor-element elementor-element-89729d9 elementor-widget elementor-widget-heading\" data-id=\"89729d9\" data-element_type=\"widget\" data-e-type=\"widget\" data-widget_type=\"heading.default\">\n\t\t\t\t\t<h2 class=\"elementor-heading-title elementor-size-default\">CEO<br>MEHMET \u015eER\u0130F SUNGUR<\/h2>\t\t\t\t<\/div>\n\t\t\t\t<\/div>\n\t\t<div class=\"elementor-element elementor-element-eb2154f e-con-full e-flex e-con e-child\" data-id=\"eb2154f\" data-element_type=\"container\" data-e-type=\"container\">\n\t\t\t\t<div class=\"elementor-element elementor-element-afec6fd elementor-widget elementor-widget-text-editor\" data-id=\"afec6fd\" data-element_type=\"widget\" data-e-type=\"widget\" data-widget_type=\"text-editor.default\">\n\t\t\t\t\t\t\t\t\t<p>\u00a0 \u00a0 \u00a0 \u00a0 \u00a0 \u00a0\u00d6ZSUNGUR \u0130N\u015eAAT, 1995 y\u0131l\u0131nda alan\u0131nda uzman ve deneyimli bir ekip taraf\u0131ndan kurulmu\u015f olup, sekt\u00f6rdeki g\u00fc\u00e7l\u00fc tecr\u00fcbe birikimi ve uzmanl\u0131kla nitelikli, yenilik\u00e7i projeler geli\u015ftirmektedir. \u015eirketimiz, kurulu\u015fundan bu yana belirgin ve net hedeflere sahip olup, bu do\u011frultuda m\u00fc\u015fteri beklentilerine h\u0131zl\u0131 ve etkili yan\u0131tlar vermek, s\u00fcrekli iyile\u015ftirme faaliyetlerini s\u00fcrd\u00fcrmek ve kaliteli hizmet sunmak amac\u0131yla tedarik\u00e7i ve ta\u015feronlar\u0131m\u0131z\u0131 \u00e7a\u011f\u0131n gereksinimleri do\u011frultusunda desteklemektedir. Kaynaklar\u0131m\u0131z\u0131 en verimli \u015fekilde kullanarak, performans\u0131m\u0131z\u0131 ve rekabet g\u00fcc\u00fcm\u00fcz\u00fc s\u00fcrekli en y\u00fcksek d\u00fczeyde tutmay\u0131 hedefliyoruz. \u0130nsan ve do\u011faya sayg\u0131y\u0131 temel alarak, \u00e7a\u011fda\u015f standartlarda kaliteli projeler geli\u015ftirmek, m\u00fc\u015fteri memnuniyetini en \u00fcst d\u00fczeye \u00e7\u0131karmak ve son teknolojileri takip ederek \u00fcretim s\u00fcre\u00e7lerimize entegre etmek bizim i\u00e7in hayati \u00f6neme sahiptir. Etkili bir pazarlama stratejisi olu\u015fturarak, pazar f\u0131rsatlar\u0131n\u0131 de\u011ferlendirme ve potansiyel m\u00fc\u015fterilere etkili bir \u015fekilde ula\u015fma konusunda \u00f6nc\u00fc bir yakla\u015f\u0131m sergilemekteyiz. Hedef kitlemizin ihtiya\u00e7lar\u0131n\u0131 belirleyip, bu ihtiya\u00e7lara y\u00f6nelik projeler geli\u015ftirerek sekt\u00f6rdeki fark\u0131m\u0131z\u0131 ortaya koymak, \u015firketimizin uzun vadeli ba\u015far\u0131s\u0131n\u0131n temel ta\u015flar\u0131n\u0131 olu\u015fturmaktad\u0131r.<\/p>\t\t\t\t\t\t\t\t<\/div>\n\t\t\t\t<\/div>\n\t\t\t\t\t<\/div>\n\t\t\t\t<\/div>\n\t\t<div class=\"elementor-element elementor-element-0db7a52 e-flex e-con-boxed e-con e-parent\" data-id=\"0db7a52\" data-element_type=\"container\" data-e-type=\"container\">\n\t\t\t\t\t<div class=\"e-con-inner\">\n\t\t\t\t<div class=\"elementor-element elementor-element-cc8295d elementor-widget elementor-widget-text-editor\" data-id=\"cc8295d\" data-element_type=\"widget\" data-e-type=\"widget\" data-widget_type=\"text-editor.default\">\n\t\t\t\t\t\t\t\t\t<ul><li>\u201c\u00d6ZSUNGUR \u0130n\u015faat olarak, toplumumuza ve \u00e7evreye olan derin duyarl\u0131l\u0131\u011f\u0131m\u0131z\u0131 her f\u0131rsatta g\u00f6stermeye ve bu bilin\u00e7le hareket etmeye \u00f6zen g\u00f6steriyoruz. Gelecek nesiller i\u00e7in s\u00fcrd\u00fcr\u00fclebilir ve de\u011ferli yat\u0131r\u0131mlar yapmay\u0131 bir g\u00f6rev olarak benimsemekteyiz. Bu kapsamda, projelerimiz arac\u0131l\u0131\u011f\u0131yla ev sahibi olan her m\u00fc\u015fterimiz ad\u0131na bir fidan dikerek, b\u00fcy\u00fcyen bir orman\u0131n par\u00e7as\u0131 olmalar\u0131n\u0131 sa\u011fl\u0131yoruz. Bu giri\u015fim, hem \u00e7evreye olan katk\u0131m\u0131z\u0131 art\u0131rmakta hem de m\u00fc\u015fterilerimizin \u00e7evre bilincine katk\u0131da bulunmalar\u0131n\u0131 sa\u011flamaktad\u0131r. Bu sorumluluk bilinciyle, e\u011fitim, sa\u011fl\u0131k ve spor gibi toplumun temel ihtiya\u00e7 duydu\u011fu alanlarda yat\u0131r\u0131mlar\u0131m\u0131z\u0131 s\u00fcrd\u00fcrmekteyiz. Bu alanlarda ger\u00e7ekle\u015ftirdi\u011fimiz yat\u0131r\u0131mlar, toplumsal geli\u015fimi desteklemek ve daha iyi bir gelecek in\u015fa etmek amac\u0131 ta\u015f\u0131maktad\u0131r. \u00d6ZSUNGUR \u0130n\u015faat olarak, toplumsal ve \u00e7evresel sorumluluklar\u0131m\u0131z\u0131 yerine getirerek, sadece in\u015faat sekt\u00f6r\u00fcnde de\u011fil, toplumun her alan\u0131nda olumlu bir etki yaratmay\u0131 hedeflemekteyiz.<\/li><\/ul>\t\t\t\t\t\t\t\t<\/div>\n\t\t\t\t\t<\/div>\n\t\t\t\t<\/div>\n\t\t\t\t<\/div>\n\t\t","protected":false},"excerpt":{"rendered":"<p>CEOMEHMET \u015eER\u0130F SUNGUR \u00a0 \u00a0 \u00a0 \u00a0 \u00a0 \u00a0\u00d6ZSUNGUR \u0130N\u015eAAT, 1995 y\u0131l\u0131nda alan\u0131nda uzman ve deneyimli bir ekip taraf\u0131ndan kurulmu\u015f olup, sekt\u00f6rdeki g\u00fc\u00e7l\u00fc tecr\u00fcbe birikimi ve uzmanl\u0131kla nitelikli, yenilik\u00e7i projeler geli\u015ftirmektedir. \u015eirketimiz, kurulu\u015fundan bu yana belirgin ve net hedeflere sahip olup, bu do\u011frultuda m\u00fc\u015fteri beklentilerine h\u0131zl\u0131 ve etkili yan\u0131tlar vermek, s\u00fcrekli iyile\u015ftirme faaliyetlerini s\u00fcrd\u00fcrmek ve [&hellip;]<\/p>\n","protected":false},"author":1,"featured_media":0,"parent":0,"menu_order":0,"comment_status":"closed","ping_status":"closed","template":"","meta":{"footnotes":""},"class_list":["post-50","page","type-page","status-publish","hentry"],"_links":{"self":[{"href":"https:\/\/www.ozsungurinsaat.com.tr\/index.php?rest_route=\/wp\/v2\/pages\/50","targetHints":{"allow":["GET"]}}],"collection":[{"href":"https:\/\/www.ozsungurinsaat.com.tr\/index.php?rest_route=\/wp\/v2\/pages"}],"about":[{"href":"https:\/\/www.ozsungurinsaat.com.tr\/index.php?rest_route=\/wp\/v2\/types\/page"}],"author":[{"embeddable":true,"href":"https:\/\/www.ozsungurinsaat.com.tr\/index.php?rest_route=\/wp\/v2\/users\/1"}],"replies":[{"embeddable":true,"href":"https:\/\/www.ozsungurinsaat.com.tr\/index.php?rest_route=%2Fwp%2Fv2%2Fcomments&post=50"}],"version-history":[{"count":24,"href":"https:\/\/www.ozsungurinsaat.com.tr\/index.php?rest_route=\/wp\/v2\/pages\/50\/revisions"}],"predecessor-version":[{"id":240,"href":"https:\/\/www.ozsungurinsaat.com.tr\/index.php?rest_route=\/wp\/v2\/pages\/50\/revisions\/240"}],"wp:attachment":[{"href":"https:\/\/www.ozsungurinsaat.com.tr\/index.php?rest_route=%2Fwp%2Fv2%2Fmedia&parent=50"}],"curies":[{"name":"wp","href":"https:\/\/api.w.org\/{rel}","templated":true}]}}